?
65
(-6 + -12 - -8) + (54 - 38) + 62
68
What is (-2 - -18) + (-198 - (80 - 190))?
-72
Calculate -37 + -4 - (264 - 245).
-60
What is the value of (-85 - -47 - -58) + -62?
-42
What is the value of -5467 - -5490 - (0 - 0)?
23
What is -525 + 654 + -9 + -103?
17
-241 + 224 - (27 + 1)
-45
What is the value of (42 - 0) + 0 + -3551 + 3473?
-36
Evaluate -33 + (1 + 1 - 1) - (69 - -38 - 115).
-24
(56 - -2) + (31 - 5 - 0) + -31
53
Calculate 2 - 11 - (7 - 24) - 4.
4
Calculate 30 + -2 - (66 + -78 + (3 - 3 - -10)).
30
139 - ((98 - 176) + 64)
153
Calculate -99 + (23 - 4) - -109.
29
What is (-27 - -35 - 3 - 3) + (10 + -2 - 0)?
10
What is 48 + (-4 - 5 - -2 - (1 + -8))?
48
Calculate -5 + 2 + (-2 - (-5 - 1)) - (-186 - -186).
1
Calculate (5 - (4 + -2)) + (17 + -19 - -11).
12
-33 - ((-272 - -277) + (3 - 0 - 0))
-41
What is the value of 8 + (17 - (32 - -38))?
-45
Calculate -23 + 25 + 4 + -5 + 22.
23
Calculate -34 + (-3 + -6 - (-12 - (-9 + 1))).
-39
Calculate -7 + 4 + 2 + 6 + 14 + -5.
14
What is -16 - (-11 - 18 - 6)?
19
23 + 12 - (59 - (119 - -25))
120
Evaluate 23 + -49 + (-47 - (41 - 9)).
-105
-8 + 32 + (2 - (10 + -35 - -43))
8
What is -2 - ((14 - 62 - -27) + (-92 - 2))?
113
Calculate -68 + 3 - (1174 - 1191).
-48
Calculate (121 + -17 - (1 - -16)) + (11 - 4).
94
Evaluate -24 - (29 - 22 - (19 - 6 - (-4 - -5))).
-19
(35 - -6) + (53 + -37 - 44)
13
(124 - 51) + -59 - 80
-66
Calculate -149 + 43 + 138 + -36 + 0.
-4
Evaluate (9 - 0) + (48 - -4) + (-6 - (26 - 19)).
48
What is the value of 74 - (104 + (-181 - -72))?
79
What is 34 - (-8 - -21 - (-147 - -193))?
67
Calculate -20 + 30 + 22 + 16.
48
Evaluate 38 + 0 + (3464 - 3543).
-41
Evaluate 1 - 82 - ((10 + -18 - -42) + -35).
-80
((10 - 14) + -3 - 15) + -1 + -3
-26
Calculate -7 - (8 - (37 - 19)) - 10.
-7
What is the value of 0 + 37 + -22 + -2?
13
Evaluate (-49 + -7 + 62 - -5) + (1 + 85 - 0).
97
What is -54 - (34 - (34 + 6))?
-48
33 + -59 + -23 + 16
-33
What is -16 + -4 - (165 + -200)?
15
What is the value of -4 - ((1 - 27) + (-6 - (-2 - -10)))?
36
Evaluate -14 - (-5 + (-8 - (-2 + 13 - 24))).
-14
Calculate (26 - (7 - (27 - 27))) + 62.
81
What is -4989 - -4919 - (1 + -90)?
19
What is (-7 + -3 - -1) + (-62 - -60)?
-11
What is the value of (-7 - (-20 + -1)) + (-134 - -92) - 18?
-46
What is -7 - (-8 - -4) - (0 - (14 - 15))?
-4
What is -83 - (-60 - (-23 - -23))?
-23
Calculate -46 - (-9 - ((5 - (-10 - -2)) + -29 + 7)).
-46
Evaluate -720 - -864 - (13 - -86).
45
What is the value of 233544 + -233536 + (0 + -1 + 0 - 0 - 7)?
0
What is the value of (-11 - (-18 + -10)) + 1 + -45?
-27
Evaluate 25 - -3 - (19 + 32 + -62).
39
(8 - 20) + (5 - -13) + -3 + 13 + 5
21
-36 + 2 - (-484 + 430)
20
Calculate (-6 - -26) + -16 - (12 + 2 + -82).
72
Evaluate 52 - ((28 - 22) + -24 - 15).
85
-55 + 19 - (-74 - 30)
68
What is the value of (-9 - (18 - (24 - 5))) + -3 - -51?
40
-30 - (30 - 7 - 1)
-52
Evaluate -57 + (74 - -20) + -57.
-20
What is 9 - (74 - ((-7 + -3 - 0) + 17))?
-58
10 + (-15 - (-12 + 1)) - 2
4
Calculate -21 - (162 - 156 - (15 - (2 + -1))).
-13
What is the value of 0 + 1 + -3 - (39 - 66)?
25
Calculate -45 + 34 + 25 + -28.
-14
Calculate (-37 - -72 - 159) + 63.
-61
What is 1 + -36 - (478 - 308 - 113)?
-92
What is the value of 60 - (23 + -7) - -32?
76
What is the value of -22 - ((-87 - -31) + 6)?
28
What is -8 + -5 + (1 + 5 + -5 - (28 - -2))?
-42
Evaluate (-21 - -9) + (41 + -3 - 19).
7
What is the value of 1700 + -1753 - (-160 - 2)?
109
What is (-124 - 0) + -625 + 740?
-9
Calculate 6 + 12 + (-60 + (11 - 9) + 5 - 3).
-38
135 - (-32 - -14 - -19 - 4 - -16)
122
(83 + -213 + 9 + -1 - 3) + (7 - -3)
-115
What is (-7 - 81 - -18) + 38?
-32
What is (-4 - -21) + (58 - 16) + -99?
-40
Calculate 9 - ((6 - (20 + -6)) + (38 - 22) + -36).
37
Calculate -132 + 72 + 100 - 49 - (84 - -2 - 0).
-95
What is the value of 2 + -7 - (26 + -33 - -13)?
-11
What is (20 - 0) + (-47 + 13 - -18) + 1 + -11?
-6
Calculate (-11 - -28) + (-93 - (-14 - (-41 + 11))).
-92
Evaluate 60 + -83 + -69 - (14 - (3 - 7 - -8)).
-102
Calculate 6 + 49 + -18 - 14 - -9.
32
What is the value of (6 - -43) + 60 + -175?
-66
What is 4 + (-8 - -7) + 65 + 169 + -187?
50
Calculate -187 - (125 + -144 + -116).
-52
What is the value of -9 + -38 + -14 + 65?
4
-53 + 69 + -1 + 31
46
Calculate (-47 - (-32 - 71)) + (-1 - -2).
57
What is 7 - ((71 - 92) + (-1 - -15) - -22)?
-8
What is -299 + 320 + (-1 - (4 - 11)) + 8 + -19?
16
2 + -11 + -73 + 15 + 18
-49
What is 14 + (15 - -2 - (-100 + -66 + 173))?
24
What is (-15 - (-4 - 1)) + (-97 - -109) - (47 - -2)?
-47
What is the value of (-39 + 7 - -68) + -71?
-35
Calculate -44 + (-10 + 9 - -155).
110
-53 + -30 + (-4 - -48)
-39
-4 + 4 + -2 - (-40 + 39 + 48)
-49
What is (1 - 3) + 1 - (-15 + -23 + 6 + -4)?
35
Calculate 135 - (13 - 60 - -324).
-142
Evaluate (21 - 13 - -23) + -17.
14
What is the value of 6 + 0 + (20 - (-16 + -7 + 5))?
44
11 - (0 + (-1 - (-9 - 24)))
-21
Calculate 9 - (-2 + 1) - (-107 - (133 - 224)).
26
(1213 - 1185) + 9 + -1 - 126
-90
Evaluate 6 + 1 + 1 - (3739 - 3730).
-1
Calculate (3 - -13) + (9 - (15 - 11 - 5)).
26
Calculate -14 + -160 + 245 + 8 + -1 + -3.
75
What is the value of (-4 - (-3 - -9)) + -7 + 23 - (27 - -6)?
-27
158 + (-181 - -38) - -85
100
Calculate (-46 - -124) + -2 + -21 + -11.
44
24 + -13 - 25 - -8 - (25 - (-9 - -5))
-35
(1 - -7) + 31 + 24 + -75 + (-78 - -11)
-79
7 - (0 - -16 - (248 - 199))
40
What is the value of 5 + (8 + -23 - -3) - (-41 - -134 - -18)?
-118
What is the value of (-13 - -9) + (35 - 0) - (-112 - (-52 - 61))?
30
What is (-16 - (-17 - -13)) + (1 - (26 - 15))?
-22
Evaluate -4 - -6 - (-60 + 40).
22
-18 + 20 + (0 - (6 - 1)) + -8 - 8
-19
What is -3 + (-4 - 3) + -68 + 34?
-44
Calculate 0 + -1 - (-213 + 140 - -8).
64
Calculate 5 + -5 + (-67 + 74 - (1 + 2)) - 76.
-72
What is the value of -14 + -20 + 26 + -30 + 39?
1
(-29 - (-10 + -7 + 3)) + 69
54
-29 - -100 - (66 + 4)
1
Calculate -70 - -94 - 3 - -3.
24
Calculate 23 - (-12 - (1 + -64)).
-28
What is the value of 450 + -469 - (-4 + 0 - 46)?
31
3 + -14 + (-140 - -180)
29
(-41 - -26 - -22) + (-32 - -1)
-24
What is (-46 + (3 - 5) - (1018 + -1017)) + (-2 - 9)?
-60
-24 - 6 - (22 + -33 - -4)
-23
What is the value of (35 + -19 - 36) + 45?
25
Evaluate -25 - (-45 + 42 + 1 + -8).
-15
What is the value of (0 + 2 - (194 + -298)) + 21 + -5?
122
What is (20 - 6) + (-6 - 17 - -25)?
16
What is 6 + (-6 - 3) + -9 + (3 - 1) + -7?
-17
What is -42 + -7 + -12 + -64?
-125
(19 - 29) + 7 + (64 - -70)
131
5 + (-2 - (-1 + 3 - 4)) + -57 + 37
-15
(1 - 5 - 38) + (-24 - -13 - (-7 + -4))
-42
What is the value of (2 - (-2 + 1) - (1617 - 1608)) + -3?
-9
Calculate (-111 - -101) + (-53 - -12 - -8).
-43
What is the value of (30 + 3 - (-5 + 12)) + (-12 - -21) + 2?
37
Calculate -160 + 136 + (-45 - 27).
-96
Evaluate -10 - ((-103 - -16) + 1 + -23 + (47 - 41)).
93
-53 + 209 + -42 + -72
42
What is (30 - (52 - -18)) + 47?
7
-1376 - -1370 - ((12 - 10) + (1 - (0 - -16)))
7
Evaluate (-138 - (-62 + -56)) + (7 - 0).
-13
Evaluate -25 + (1 - -22 - ((-10 - -21) + 5)).
-18
Evaluate 8 - (69 + 21 + -70).
-12
What is (19 - (29 - 21)) + -8 - (-1 + 26)?
-22
What is the value of 4 - (24 - 0) - (-615 - -595)?
0
What is -89 + (36 - (26 + 15) - 18)?
-112
Calculate -10 + -50 + 47 + 27.
14
What is (-18 - 96) + 133 + 2 + (75 - 0)?
96
What is 64 + -107 - 25 - -53?
-15
What is 316 - 347 - (-2 - (-11 - (1 + 4)))?
-45
Calculate -63 + -18 - -39 - (0 - 4 - 11).
-27
Evaluate (2 - (-1 + (29 - 15) + -14)) + -48.
-45
What is (-24 - -57 - 45) + 93?
81
Calculate (9 + (0 - -6) - 0) + -26 + (59 - -1).
49
What is -17 + 53 - 32 - (-1 - (-15 + 7))?
-3
-1 + 4 + (14 - -36) + -10 + -18 + -14
11
What is the value of -2 - 2 - (25 - (36 + -20 + 7))?
-6
Calculate -53 + ((-7 - (-7 - -1) - 1) + -3 - -16).
-42
((-17 - -33) + -44 - (-4 + 4)) + 7
-21
Evaluate (8 + -24 + 14 - -5) + 44.
47
Calculate 11 + (-4 - (20 - 19)) + 0 + -10.
-4
Evaluate (1 - -91) + 6 + -7 + -1 + -3 - 5.
82
Evaluate -4 + (5 - 8 - (-28 + 62) - (3 - 0)).
-44
Calculate -59 - (-267 + (46 - -73)).
89
Calculate 13 + 1 + (18 - (-19 - -13 - -16)).
22
What is the value of 4 + -3 + 3 - (9 + 5 + -11)?
1
What is 20 - -32 - 27 - (4 + 58)?
-37
(2 + -9 + 5 - (17 - 17)) + -32
-34
What is the value of -124 - (-28 + (-5 - (-1 + -11)) - (9 - 19))?
-113
93 - (240 - (139 - 96))
-104
What is -2 - (-2 - -2) - (18 + -477 - -331)?
126
Evalua